{"id":1212,"date":"2024-09-20T10:58:22","date_gmt":"2024-09-20T10:58:22","guid":{"rendered":"http:\/\/www.elektra-kuenten.ch\/?page_id=1212"},"modified":"2024-09-20T09:03:49","modified_gmt":"2024-09-20T09:03:49","slug":"oeff-ladestationen","status":"publish","type":"page","link":"https:\/\/www.elektra-kuenten.ch\/?page_id=1212","title":{"rendered":"OEFF. LADESTATIONEN"},"content":{"rendered":"<p><strong>Allgemeines<\/strong><\/p>\n<p>Es stehen zwei \u00f6ffentliche Ladestationen mit einer Ladeleistung von je 11kW zur Verf\u00fcgung.<br \/>\nDiese befinden sich auf dem Parkplatz beim Gemeindehaus K\u00fcnten am Kirchweg 11.<\/p>\n\n\t\t<style type=\"text\/css\">\n\t\t\t#gallery-2 {\n\t\t\t\tmargin: auto;\n\t\t\t}\n\t\t\t#gallery-2 .gallery-item {\n\t\t\t\tfloat: left;\n\t\t\t\tmargin-top: 10px;\n\t\t\t\ttext-align: center;\n\t\t\t\twidth: 50%;\n\t\t\t}\n\t\t\t#gallery-2 img {\n\t\t\t\tborder: 2px solid #cfcfcf;\n\t\t\t}\n\t\t\t#gallery-2 .gallery-caption {\n\t\t\t\tmargin-left: 0;\n\t\t\t}\n\t\t\t\/* see gallery_shortcode() in wp-includes\/media.php *\/\n\t\t<\/style>\n\t\t<div id='gallery-2' class='gallery galleryid-1212 gallery-columns-2 gallery-size-medium'><dl class='gallery-item'>\n\t\t\t<dt class='gallery-icon landscape'>\n\t\t\t\t<a class=\"grouped_elements\" rel=\"tc-fancybox-group\" href=\"https:\/\/www.elektra-kuenten.ch\/wp-content\/uploads\/2024\/09\/2024-09-19_E-Ladestation_02-scaled.jpg\" title=\"2024-09-19_E-Ladestation_02\"><img loading=\"lazy\" decoding=\"async\" width=\"400\" height=\"300\" src=\"https:\/\/www.elektra-kuenten.ch\/wp-content\/uploads\/2024\/09\/2024-09-19_E-Ladestation_02-400x300.jpg\" class=\"attachment-medium size-medium\" alt=\"\" srcset=\"https:\/\/www.elektra-kuenten.ch\/wp-content\/uploads\/2024\/09\/2024-09-19_E-Ladestation_02-400x300.jpg 400w, https:\/\/www.elektra-kuenten.ch\/wp-content\/uploads\/2024\/09\/2024-09-19_E-Ladestation_02-1024x768.jpg 1024w, https:\/\/www.elektra-kuenten.ch\/wp-content\/uploads\/2024\/09\/2024-09-19_E-Ladestation_02-768x576.jpg 768w, https:\/\/www.elektra-kuenten.ch\/wp-content\/uploads\/2024\/09\/2024-09-19_E-Ladestation_02-1536x1152.jpg 1536w, https:\/\/www.elektra-kuenten.ch\/wp-content\/uploads\/2024\/09\/2024-09-19_E-Ladestation_02-2048x1536.jpg 2048w\" sizes=\"auto, (max-width: 400px) 100vw, 400px\" \/><\/a>\n\t\t\t<\/dt><\/dl><dl class='gallery-item'>\n\t\t\t<dt class='gallery-icon landscape'>\n\t\t\t\t<a class=\"grouped_elements\" rel=\"tc-fancybox-group\" href=\"https:\/\/www.elektra-kuenten.ch\/wp-content\/uploads\/2024\/09\/2024-09-19_E-Ladestation_01-scaled.jpg\" title=\"2024-09-19_E-Ladestation_01\"><img loading=\"lazy\" decoding=\"async\" width=\"400\" height=\"300\" src=\"https:\/\/www.elektra-kuenten.ch\/wp-content\/uploads\/2024\/09\/2024-09-19_E-Ladestation_01-400x300.jpg\" class=\"attachment-medium size-medium\" alt=\"\" srcset=\"https:\/\/www.elektra-kuenten.ch\/wp-content\/uploads\/2024\/09\/2024-09-19_E-Ladestation_01-400x300.jpg 400w, https:\/\/www.elektra-kuenten.ch\/wp-content\/uploads\/2024\/09\/2024-09-19_E-Ladestation_01-1024x768.jpg 1024w, https:\/\/www.elektra-kuenten.ch\/wp-content\/uploads\/2024\/09\/2024-09-19_E-Ladestation_01-768x576.jpg 768w, https:\/\/www.elektra-kuenten.ch\/wp-content\/uploads\/2024\/09\/2024-09-19_E-Ladestation_01-1536x1152.jpg 1536w, https:\/\/www.elektra-kuenten.ch\/wp-content\/uploads\/2024\/09\/2024-09-19_E-Ladestation_01-2048x1536.jpg 2048w\" sizes=\"auto, (max-width: 400px) 100vw, 400px\" \/><\/a>\n\t\t\t<\/dt><\/dl><br style=\"clear: both\" \/>\n\t\t<\/div>\n\n<p>&nbsp;<\/p>\n<p>&nbsp;<\/p>\n","protected":false},"excerpt":{"rendered":"<p>Allgemeines Es stehen zwei \u00f6ffentliche Ladestationen mit einer Ladeleistung von je 11kW zur Verf\u00fcgung. Diese befinden sich auf dem Parkplatz beim Gemeindehaus K\u00fcnten am Kirchweg 11. &nbsp; &nbsp;<\/p>\n","protected":false},"author":1,"featured_media":0,"parent":0,"menu_order":0,"comment_status":"closed","ping_status":"closed","template":"","meta":{"footnotes":""},"class_list":["post-1212","page","type-page","status-publish","czr-hentry"],"_links":{"self":[{"href":"https:\/\/www.elektra-kuenten.ch\/index.php?rest_route=\/wp\/v2\/pages\/1212","targetHints":{"allow":["GET"]}}],"collection":[{"href":"https:\/\/www.elektra-kuenten.ch\/index.php?rest_route=\/wp\/v2\/pages"}],"about":[{"href":"https:\/\/www.elektra-kuenten.ch\/index.php?rest_route=\/wp\/v2\/types\/page"}],"author":[{"embeddable":true,"href":"https:\/\/www.elektra-kuenten.ch\/index.php?rest_route=\/wp\/v2\/users\/1"}],"replies":[{"embeddable":true,"href":"https:\/\/www.elektra-kuenten.ch\/index.php?rest_route=%2Fwp%2Fv2%2Fcomments&post=1212"}],"version-history":[{"count":5,"href":"https:\/\/www.elektra-kuenten.ch\/index.php?rest_route=\/wp\/v2\/pages\/1212\/revisions"}],"predecessor-version":[{"id":1509,"href":"https:\/\/www.elektra-kuenten.ch\/index.php?rest_route=\/wp\/v2\/pages\/1212\/revisions\/1509"}],"wp:attachment":[{"href":"https:\/\/www.elektra-kuenten.ch\/index.php?rest_route=%2Fwp%2Fv2%2Fmedia&parent=1212"}],"curies":[{"name":"wp","href":"https:\/\/api.w.org\/{rel}","templated":true}]}}