{"id":1254,"date":"2021-06-08T17:02:07","date_gmt":"2021-06-08T17:02:07","guid":{"rendered":"http:\/\/www.elektra-kuenten.ch\/?page_id=1254"},"modified":"2025-08-28T08:33:49","modified_gmt":"2025-08-28T08:33:49","slug":"bezahlung","status":"publish","type":"page","link":"https:\/\/www.elektra-kuenten.ch\/?page_id=1254","title":{"rendered":"BEZAHLUNG"},"content":{"rendered":"<p>Sie haben folgende M\u00f6glichkeiten:<\/p>\n<p>Die Zahlung an eCarUp erfolgt direkt \u00fcber die eCarUp App oder \u00fcber Instant Payment per Kredit- oder Debitkarte, Apple Pay oder Google Pay, ohne vorherige Registrierung.<br \/>\nNach dem Ladevorgang wird der Betrag automatisch von der hinterlegten Bezahlmethode abgebucht.<\/p>\n<p>&nbsp;<\/p>\n<p><strong>App-Nutzung<\/strong>:<\/p>\n<ol>\n<li>Laden Sie die eCarUp App herunter und hinterlegen Sie eine g\u00fcltige Kredit- oder Debitkarte.<\/li>\n<li>Schalten Sie die Ladestation \u00fcber die App frei und starten Sie den Ladevorgang.<\/li>\n<li>Die Kosten werden w\u00e4hrend und nach dem Ladevorgang transparent in der App angezeigt und nach Abschluss abgebucht.<\/li>\n<\/ol>\n<p><strong>Instant Payment (ohne App)<\/strong>:<\/p>\n<ol>\n<li>Scannen Sie den QR-Code an der Ladestation, um auf eine Webseite weitergeleitet zu werden.<\/li>\n<li>Geben Sie Ihre Daten ein und w\u00e4hlen Sie Ihre bevorzugte Bezahlmethode, zum Beispiel Kreditkarte, Apple Pay oder Google Pay.<\/li>\n<li>Die Abrechnung erfolgt direkt nach dem Ladevorgang<\/li>\n<\/ol>\n<p><a href=\"https:\/\/ecarupwiki.smart-me.com\/fahrer\/sofort-bezahl-funktion\"><span style=\"color: #808080;\">Video Anleitungen finden Sie unter:<\/span><br \/>\n<span style=\"color: #808080;\">https:\/\/ecarupwiki.smart-me.com\/fahrer\/sofort-bezahl-funktion<\/span><\/a><\/p>\n<p>&nbsp;<\/p>\n","protected":false},"excerpt":{"rendered":"<p>Sie haben folgende M\u00f6glichkeiten: Die Zahlung an eCarUp erfolgt direkt \u00fcber die eCarUp App oder \u00fcber Instant Payment per Kredit- oder Debitkarte, Apple Pay oder Google Pay, ohne vorherige Registrierung. Nach dem Ladevorgang wird der Betrag automatisch von der hinterlegten Bezahlmethode abgebucht. &nbsp; App-Nutzung: Laden Sie die eCarUp App herunter und hinterlegen Sie eine g\u00fcltige [&hellip;]<\/p>\n","protected":false},"author":1,"featured_media":0,"parent":0,"menu_order":0,"comment_status":"closed","ping_status":"closed","template":"","meta":{"footnotes":""},"class_list":["post-1254","page","type-page","status-publish","czr-hentry"],"_links":{"self":[{"href":"https:\/\/www.elektra-kuenten.ch\/index.php?rest_route=\/wp\/v2\/pages\/1254","targetHints":{"allow":["GET"]}}],"collection":[{"href":"https:\/\/www.elektra-kuenten.ch\/index.php?rest_route=\/wp\/v2\/pages"}],"about":[{"href":"https:\/\/www.elektra-kuenten.ch\/index.php?rest_route=\/wp\/v2\/types\/page"}],"author":[{"embeddable":true,"href":"https:\/\/www.elektra-kuenten.ch\/index.php?rest_route=\/wp\/v2\/users\/1"}],"replies":[{"embeddable":true,"href":"https:\/\/www.elektra-kuenten.ch\/index.php?rest_route=%2Fwp%2Fv2%2Fcomments&post=1254"}],"version-history":[{"count":7,"href":"https:\/\/www.elektra-kuenten.ch\/index.php?rest_route=\/wp\/v2\/pages\/1254\/revisions"}],"predecessor-version":[{"id":1570,"href":"https:\/\/www.elektra-kuenten.ch\/index.php?rest_route=\/wp\/v2\/pages\/1254\/revisions\/1570"}],"wp:attachment":[{"href":"https:\/\/www.elektra-kuenten.ch\/index.php?rest_route=%2Fwp%2Fv2%2Fmedia&parent=1254"}],"curies":[{"name":"wp","href":"https:\/\/api.w.org\/{rel}","templated":true}]}}