{"id":456,"date":"2017-06-07T13:17:25","date_gmt":"2017-06-07T13:17:25","guid":{"rendered":"http:\/\/www.elektra-kuenten.ch\/elektra2017\/?page_id=456"},"modified":"2017-06-07T13:37:39","modified_gmt":"2017-06-07T13:37:39","slug":"kontrollperioden","status":"publish","type":"page","link":"https:\/\/www.elektra-kuenten.ch\/?page_id=456","title":{"rendered":"KONTROLLPERIODEN"},"content":{"rendered":"<p><strong>Wann ist eine Kontrolle notwendig?<\/strong><\/p>\n<p>S\u00e4mtliche elektrischen Installationen einer Liegenschaft, sei es im Haus, in der Wohnung, in gewerblich genutzten R\u00e4umen oder auch im Freien, unterstehen einer gesetzlichen Kontrollpflicht. Wohnraum muss dabei alle 20 Jahre einer Kontrolle unterzogen werden. F\u00fcr alle \u00fcbrigen R\u00e4umlichkeiten sieht der Gesetzgeber je nach Gefahrenpotenzial Perioden von 10, 5 oder sogar nur 1 Jahr vor.<\/p>\n<p>Der Beleg f\u00fcr die erfolgreiche Kontrolle ist der Sicherheitsnachweis (SiNa) des Kontrolleurs. Dieser SiNa ist vom Eigent\u00fcmer\/in aufzubewahren und jeweils eine Kopie der ELEKTRA-Genossenschaft K\u00fcnten zuzustellen.<\/p>\n<p>Bei einer Hand\u00e4nderung, d.h. einem Liegenschaftsverkauf, muss ein Sicherheitsnachweis vorliegen, welcher nicht \u00e4lter als f\u00fcnf Jahre sein darf.<\/p>\n<p>Als Eigent\u00fcmer\/in einer Liegenschaft sind Sie verantwortlich f\u00fcr die Sicherheit, den Unterhalt und die periodische Kontrolle der elektrischen Installationen. Wer der Verpflichtung nicht nachkommt, kann f\u00fcr Sch\u00e4den zur Verantwortung gezogen werden, und Versicherungen d\u00fcrfen ihre Leistungen aufgrund Selbstverschulden k\u00fcrzen.<\/p>\n<table>\n<tbody>\n<tr>\n<td width=\"262\"><strong>Kontrollperioden<\/strong><\/td>\n<td style=\"text-align: center;\" width=\"42\"><strong>1 J<\/strong><\/td>\n<td style=\"text-align: center;\" width=\"42\"><strong>5 J<\/strong><\/td>\n<td style=\"text-align: center;\" width=\"42\"><strong>10 J<\/strong><\/td>\n<td style=\"text-align: center;\" width=\"42\"><strong>20 J<\/strong><\/td>\n<\/tr>\n<tr>\n<td width=\"262\">Photovoltaik Wohnungsbauten<\/td>\n<td style=\"text-align: center;\" width=\"42\"><strong>\u00a0<\/strong><\/td>\n<td style=\"text-align: center;\" width=\"42\"><strong>\u00a0<\/strong><\/td>\n<td style=\"text-align: center;\" width=\"42\"><strong>\u00a0<\/strong><\/td>\n<td style=\"text-align: center;\" width=\"42\"><strong>X<\/strong><\/td>\n<\/tr>\n<tr>\n<td width=\"262\">Wohnungsbauten<\/td>\n<td style=\"text-align: center;\" width=\"42\"><strong>\u00a0<\/strong><\/td>\n<td style=\"text-align: center;\" width=\"42\"><strong>\u00a0<\/strong><\/td>\n<td style=\"text-align: center;\" width=\"42\"><strong>\u00a0<\/strong><\/td>\n<td style=\"text-align: center;\" width=\"42\"><strong>X<\/strong><\/td>\n<\/tr>\n<tr>\n<td width=\"262\">B\u00fcros, Banken, Versicherungen<\/td>\n<td style=\"text-align: center;\" width=\"42\"><strong>\u00a0<\/strong><\/td>\n<td style=\"text-align: center;\" width=\"42\"><strong>\u00a0<\/strong><\/td>\n<td style=\"text-align: center;\" width=\"42\"><strong>X<\/strong><\/td>\n<td style=\"text-align: center;\" width=\"42\"><strong>\u00a0<\/strong><\/td>\n<\/tr>\n<tr>\n<td width=\"262\">Kirchen, Zivilschutzbauten<\/td>\n<td style=\"text-align: center;\" width=\"42\"><strong>\u00a0<\/strong><\/td>\n<td style=\"text-align: center;\" width=\"42\"><strong>\u00a0<\/strong><\/td>\n<td style=\"text-align: center;\" width=\"42\"><strong>X<\/strong><\/td>\n<td style=\"text-align: center;\" width=\"42\"><strong>\u00a0<\/strong><\/td>\n<\/tr>\n<tr>\n<td width=\"262\">Kleingewerbe<\/td>\n<td style=\"text-align: center;\" width=\"42\"><strong>\u00a0<\/strong><\/td>\n<td style=\"text-align: center;\" width=\"42\"><strong>\u00a0<\/strong><\/td>\n<td style=\"text-align: center;\" width=\"42\"><strong>X<\/strong><\/td>\n<td style=\"text-align: center;\" width=\"42\"><strong>\u00a0<\/strong><\/td>\n<\/tr>\n<tr>\n<td width=\"262\">Landwirtschaftliche Geb\u00e4ude<\/td>\n<td style=\"text-align: center;\" width=\"42\"><strong>\u00a0<\/strong><\/td>\n<td style=\"text-align: center;\" width=\"42\"><strong>\u00a0<\/strong><\/td>\n<td style=\"text-align: center;\" width=\"42\"><strong>X<\/strong><\/td>\n<td style=\"text-align: center;\" width=\"42\"><strong>\u00a0<\/strong><\/td>\n<\/tr>\n<tr>\n<td width=\"262\">Photovoltaik Gewerbe<\/td>\n<td style=\"text-align: center;\" width=\"42\"><strong>\u00a0<\/strong><\/td>\n<td style=\"text-align: center;\" width=\"42\"><strong>\u00a0<\/strong><\/td>\n<td style=\"text-align: center;\" width=\"42\"><strong>X<\/strong><\/td>\n<td style=\"text-align: center;\" width=\"42\"><strong>\u00a0<\/strong><\/td>\n<\/tr>\n<tr>\n<td width=\"262\">Campingpl\u00e4tze<\/td>\n<td style=\"text-align: center;\" width=\"42\"><strong>\u00a0<\/strong><\/td>\n<td style=\"text-align: center;\" width=\"42\"><strong>X<\/strong><\/td>\n<td style=\"text-align: center;\" width=\"42\"><strong>\u00a0<\/strong><\/td>\n<td style=\"text-align: center;\" width=\"42\"><strong>\u00a0<\/strong><\/td>\n<\/tr>\n<tr>\n<td width=\"262\">Grossindustrie<\/td>\n<td style=\"text-align: center;\" width=\"42\"><strong>\u00a0<\/strong><\/td>\n<td style=\"text-align: center;\" width=\"42\"><strong>X<\/strong><\/td>\n<td style=\"text-align: center;\" width=\"42\"><strong>\u00a0<\/strong><\/td>\n<td style=\"text-align: center;\" width=\"42\"><strong>\u00a0<\/strong><\/td>\n<\/tr>\n<tr>\n<td width=\"262\">Restaurant, Bar<\/td>\n<td style=\"text-align: center;\" width=\"42\"><strong>\u00a0<\/strong><\/td>\n<td style=\"text-align: center;\" width=\"42\"><strong>X<\/strong><\/td>\n<td style=\"text-align: center;\" width=\"42\"><strong>\u00a0<\/strong><\/td>\n<td style=\"text-align: center;\" width=\"42\"><strong>\u00a0<\/strong><\/td>\n<\/tr>\n<tr>\n<td width=\"262\">Schulh\u00e4user, Kinderg\u00e4rten<\/td>\n<td style=\"text-align: center;\" width=\"42\"><strong>\u00a0<\/strong><\/td>\n<td style=\"text-align: center;\" width=\"42\"><strong>X<\/strong><\/td>\n<td style=\"text-align: center;\" width=\"42\"><strong>\u00a0<\/strong><\/td>\n<td style=\"text-align: center;\" width=\"42\"><strong>\u00a0<\/strong><\/td>\n<\/tr>\n<tr>\n<td width=\"262\">Tankstellen, Fahrzeugreparaturwerkst\u00e4tten<\/td>\n<td style=\"text-align: center;\" width=\"42\"><strong>\u00a0<\/strong><\/td>\n<td style=\"text-align: center;\" width=\"42\"><strong>X<\/strong><\/td>\n<td style=\"text-align: center;\" width=\"42\"><strong>\u00a0<\/strong><\/td>\n<td style=\"text-align: center;\" width=\"42\"><strong>\u00a0<\/strong><\/td>\n<\/tr>\n<tr>\n<td width=\"262\">Baustellen<\/td>\n<td style=\"text-align: center;\" width=\"42\"><strong>X<\/strong><\/td>\n<td style=\"text-align: center;\" width=\"42\"><strong>\u00a0<\/strong><\/td>\n<td style=\"text-align: center;\" width=\"42\"><strong>\u00a0<\/strong><\/td>\n<td style=\"text-align: center;\" width=\"42\"><strong>\u00a0<\/strong><\/td>\n<\/tr>\n<\/tbody>\n<\/table>\n","protected":false},"excerpt":{"rendered":"<p>Wann ist eine Kontrolle notwendig? S\u00e4mtliche elektrischen Installationen einer Liegenschaft, sei es im Haus, in der Wohnung, in gewerblich genutzten R\u00e4umen oder auch im Freien, unterstehen einer gesetzlichen Kontrollpflicht. Wohnraum muss dabei alle 20 Jahre einer Kontrolle unterzogen werden. F\u00fcr alle \u00fcbrigen R\u00e4umlichkeiten sieht der Gesetzgeber je nach Gefahrenpotenzial Perioden von 10, 5 oder sogar [&hellip;]<\/p>\n","protected":false},"author":1,"featured_media":0,"parent":0,"menu_order":0,"comment_status":"closed","ping_status":"closed","template":"","meta":{"footnotes":""},"class_list":["post-456","page","type-page","status-publish","czr-hentry"],"_links":{"self":[{"href":"https:\/\/www.elektra-kuenten.ch\/index.php?rest_route=\/wp\/v2\/pages\/456","targetHints":{"allow":["GET"]}}],"collection":[{"href":"https:\/\/www.elektra-kuenten.ch\/index.php?rest_route=\/wp\/v2\/pages"}],"about":[{"href":"https:\/\/www.elektra-kuenten.ch\/index.php?rest_route=\/wp\/v2\/types\/page"}],"author":[{"embeddable":true,"href":"https:\/\/www.elektra-kuenten.ch\/index.php?rest_route=\/wp\/v2\/users\/1"}],"replies":[{"embeddable":true,"href":"https:\/\/www.elektra-kuenten.ch\/index.php?rest_route=%2Fwp%2Fv2%2Fcomments&post=456"}],"version-history":[{"count":8,"href":"https:\/\/www.elektra-kuenten.ch\/index.php?rest_route=\/wp\/v2\/pages\/456\/revisions"}],"predecessor-version":[{"id":474,"href":"https:\/\/www.elektra-kuenten.ch\/index.php?rest_route=\/wp\/v2\/pages\/456\/revisions\/474"}],"wp:attachment":[{"href":"https:\/\/www.elektra-kuenten.ch\/index.php?rest_route=%2Fwp%2Fv2%2Fmedia&parent=456"}],"curies":[{"name":"wp","href":"https:\/\/api.w.org\/{rel}","templated":true}]}}