{"id":47,"date":"2017-05-15T07:15:42","date_gmt":"2017-05-15T07:15:42","guid":{"rendered":"http:\/\/www.elektra-kuenten.ch\/elektra2017\/?page_id=47"},"modified":"2017-10-17T06:41:32","modified_gmt":"2017-10-17T06:41:32","slug":"versorgungsgebiet","status":"publish","type":"page","link":"https:\/\/www.elektra-kuenten.ch\/?page_id=47","title":{"rendered":"VERSORGUNGSGEBIET"},"content":{"rendered":"<p>Die Elektra-Genossenschaft K\u00fcnten versorgt die Gemeinde K\u00fcnten mit elektrischer Energie. Bei Anschl\u00fcssen von Objekten im Grenzgebiet kann die Verwaltung im Einvernehmen mit dem Nachbarversorger Ausnahmen beschliessen.<\/p>\n<p>&nbsp;<\/p>\n<p><a href=\"https:\/\/www.elektra-kuenten.ch\/wp-content\/uploads\/2017\/05\/einzugsgebiet.png\"><img loading=\"lazy\" decoding=\"async\" class=\"aligncenter wp-image-448\" src=\"https:\/\/www.elektra-kuenten.ch\/wp-content\/uploads\/2017\/05\/einzugsgebiet-200x200.png\" alt=\"\" width=\"400\" height=\"399\" srcset=\"https:\/\/www.elektra-kuenten.ch\/wp-content\/uploads\/2017\/05\/einzugsgebiet-200x200.png 200w, https:\/\/www.elektra-kuenten.ch\/wp-content\/uploads\/2017\/05\/einzugsgebiet-150x150.png 150w, https:\/\/www.elektra-kuenten.ch\/wp-content\/uploads\/2017\/05\/einzugsgebiet-768x767.png 768w, https:\/\/www.elektra-kuenten.ch\/wp-content\/uploads\/2017\/05\/einzugsgebiet-1024x1022.png 1024w, https:\/\/www.elektra-kuenten.ch\/wp-content\/uploads\/2017\/05\/einzugsgebiet.png 1179w\" sizes=\"auto, (max-width: 400px) 100vw, 400px\" \/><\/a><\/p>\n","protected":false},"excerpt":{"rendered":"<p>Die Elektra-Genossenschaft K\u00fcnten versorgt die Gemeinde K\u00fcnten mit elektrischer Energie. Bei Anschl\u00fcssen von Objekten im Grenzgebiet kann die Verwaltung im Einvernehmen mit dem Nachbarversorger Ausnahmen beschliessen. &nbsp;<\/p>\n","protected":false},"author":1,"featured_media":0,"parent":0,"menu_order":0,"comment_status":"closed","ping_status":"closed","template":"","meta":{"footnotes":""},"class_list":["post-47","page","type-page","status-publish","czr-hentry"],"_links":{"self":[{"href":"https:\/\/www.elektra-kuenten.ch\/index.php?rest_route=\/wp\/v2\/pages\/47","targetHints":{"allow":["GET"]}}],"collection":[{"href":"https:\/\/www.elektra-kuenten.ch\/index.php?rest_route=\/wp\/v2\/pages"}],"about":[{"href":"https:\/\/www.elektra-kuenten.ch\/index.php?rest_route=\/wp\/v2\/types\/page"}],"author":[{"embeddable":true,"href":"https:\/\/www.elektra-kuenten.ch\/index.php?rest_route=\/wp\/v2\/users\/1"}],"replies":[{"embeddable":true,"href":"https:\/\/www.elektra-kuenten.ch\/index.php?rest_route=%2Fwp%2Fv2%2Fcomments&post=47"}],"version-history":[{"count":14,"href":"https:\/\/www.elektra-kuenten.ch\/index.php?rest_route=\/wp\/v2\/pages\/47\/revisions"}],"predecessor-version":[{"id":914,"href":"https:\/\/www.elektra-kuenten.ch\/index.php?rest_route=\/wp\/v2\/pages\/47\/revisions\/914"}],"wp:attachment":[{"href":"https:\/\/www.elektra-kuenten.ch\/index.php?rest_route=%2Fwp%2Fv2%2Fmedia&parent=47"}],"curies":[{"name":"wp","href":"https:\/\/api.w.org\/{rel}","templated":true}]}}