{"id":507,"date":"2017-06-07T14:49:43","date_gmt":"2017-06-07T14:49:43","guid":{"rendered":"http:\/\/www.elektra-kuenten.ch\/elektra2017\/?page_id=507"},"modified":"2017-06-12T08:25:52","modified_gmt":"2017-06-12T08:25:52","slug":"archiv-news-2016","status":"publish","type":"page","link":"https:\/\/www.elektra-kuenten.ch\/?page_id=507","title":{"rendered":"ARCHIV 2016"},"content":{"rendered":"<p><strong>Ersatz der bestehenden TS K\u00e4serei im Gebiet Hofacher<br \/>\n<\/strong>Der Anbau der Ch\u00e4si K\u00fcnten hatte zur Folge, dass diverse Elektro-Leitungen, die die zu bebauende Parzelle querten, ab der TS K\u00e4serei umgelegt werden mussten.<\/p>\n<p>Dieser Umstand und ein langfristig gesicherter Zugang zur Trafostation hatte die EKG dazu bewogen, einen Neubau am Hofacherweg zu realisieren. Auch der sehr nahe Standort der alten K\u00e4serei zur Ch\u00e4si war ein Diskussionspunkt. Eine vor Jahren erworbene Parzelle beg\u00fcnstigte dieses Vorhaben.<\/p>\n<p>Der Neubau-Kredit wurde an der GV vom 11.04.2014 einstimmig genehmigt.<\/p>\n<p>Nach der Genehmigung im Dezember 2014 durch das Eidgen\u00f6ssische Starkstrominspektorats (ESTI) stand dem Neubau nichts mehr im Weg.<\/p>\n<p>R. Keller vom Ingenieurb\u00fcro Kern begleitete die Ausschreibung und die Ausf\u00fchrung.<br \/>\nFa. F. Borner AG lieferte und erstellte uns die neue TS.<br \/>\nF\u00fcr die \u00abInnereien\u00bb, sprich die elektrische Installation der Trafostation und die Kabelumlegung wurde die AEW-Energie AG beauftragt.<br \/>\nDie Grabarbeiten f\u00fcr die neuen Kabeltrassen erledigte die Fa. Brun &amp; Strebel, Bremgarten.<br \/>\nAm 02. Mai 2015 konnte die neue Trafostation Hofacher schrittweise ans Netz angeschlossen werden und am 28. September wurde die alte TS K\u00e4serei abgebrochen.<\/p>\n\n\t\t<style type=\"text\/css\">\n\t\t\t#gallery-2 {\n\t\t\t\tmargin: auto;\n\t\t\t}\n\t\t\t#gallery-2 .gallery-item {\n\t\t\t\tfloat: left;\n\t\t\t\tmargin-top: 10px;\n\t\t\t\ttext-align: center;\n\t\t\t\twidth: 25%;\n\t\t\t}\n\t\t\t#gallery-2 img {\n\t\t\t\tborder: 2px solid #cfcfcf;\n\t\t\t}\n\t\t\t#gallery-2 .gallery-caption {\n\t\t\t\tmargin-left: 0;\n\t\t\t}\n\t\t\t\/* see gallery_shortcode() in wp-includes\/media.php *\/\n\t\t<\/style>\n\t\t<div id='gallery-2' class='gallery galleryid-507 gallery-columns-4 gallery-size-medium'><dl class='gallery-item'>\n\t\t\t<dt class='gallery-icon portrait'>\n\t\t\t\t<a class=\"grouped_elements\" rel=\"tc-fancybox-group\" href=\"https:\/\/www.elektra-kuenten.ch\/wp-content\/uploads\/2017\/05\/ts_01.jpg\" title=\"ts_01\"><img loading=\"lazy\" decoding=\"async\" width=\"150\" height=\"200\" src=\"https:\/\/www.elektra-kuenten.ch\/wp-content\/uploads\/2017\/05\/ts_01-150x200.jpg\" class=\"attachment-medium size-medium\" alt=\"Trafostation Hofacher im Bau\" srcset=\"https:\/\/www.elektra-kuenten.ch\/wp-content\/uploads\/2017\/05\/ts_01-150x200.jpg 150w, https:\/\/www.elektra-kuenten.ch\/wp-content\/uploads\/2017\/05\/ts_01.jpg 768w\" sizes=\"auto, (max-width: 150px) 100vw, 150px\" \/><\/a>\n\t\t\t<\/dt><\/dl><dl class='gallery-item'>\n\t\t\t<dt class='gallery-icon portrait'>\n\t\t\t\t<a class=\"grouped_elements\" rel=\"tc-fancybox-group\" href=\"https:\/\/www.elektra-kuenten.ch\/wp-content\/uploads\/2017\/05\/ts_02.jpg\" title=\"ts_02\"><img loading=\"lazy\" decoding=\"async\" width=\"150\" height=\"200\" src=\"https:\/\/www.elektra-kuenten.ch\/wp-content\/uploads\/2017\/05\/ts_02-150x200.jpg\" class=\"attachment-medium size-medium\" alt=\"Trafostation Hofacher im Bau\" srcset=\"https:\/\/www.elektra-kuenten.ch\/wp-content\/uploads\/2017\/05\/ts_02-150x200.jpg 150w, https:\/\/www.elektra-kuenten.ch\/wp-content\/uploads\/2017\/05\/ts_02.jpg 768w\" sizes=\"auto, (max-width: 150px) 100vw, 150px\" \/><\/a>\n\t\t\t<\/dt><\/dl><dl class='gallery-item'>\n\t\t\t<dt class='gallery-icon landscape'>\n\t\t\t\t<a class=\"grouped_elements\" rel=\"tc-fancybox-group\" href=\"https:\/\/www.elektra-kuenten.ch\/wp-content\/uploads\/2017\/05\/ts_03.jpg\" title=\"ts_03\"><img loading=\"lazy\" decoding=\"async\" width=\"200\" height=\"150\" src=\"https:\/\/www.elektra-kuenten.ch\/wp-content\/uploads\/2017\/05\/ts_03-200x150.jpg\" class=\"attachment-medium size-medium\" alt=\"Trafostation Hofacher im Bau\" srcset=\"https:\/\/www.elektra-kuenten.ch\/wp-content\/uploads\/2017\/05\/ts_03-200x150.jpg 200w, https:\/\/www.elektra-kuenten.ch\/wp-content\/uploads\/2017\/05\/ts_03-768x576.jpg 768w, https:\/\/www.elektra-kuenten.ch\/wp-content\/uploads\/2017\/05\/ts_03.jpg 1024w\" sizes=\"auto, (max-width: 200px) 100vw, 200px\" \/><\/a>\n\t\t\t<\/dt><\/dl><dl class='gallery-item'>\n\t\t\t<dt class='gallery-icon landscape'>\n\t\t\t\t<a class=\"grouped_elements\" rel=\"tc-fancybox-group\" href=\"https:\/\/www.elektra-kuenten.ch\/wp-content\/uploads\/2017\/05\/ts_04.jpg\" title=\"ts_04\"><img loading=\"lazy\" decoding=\"async\" width=\"200\" height=\"150\" src=\"https:\/\/www.elektra-kuenten.ch\/wp-content\/uploads\/2017\/05\/ts_04-200x150.jpg\" class=\"attachment-medium size-medium\" alt=\"Trafostation Hofacher\" srcset=\"https:\/\/www.elektra-kuenten.ch\/wp-content\/uploads\/2017\/05\/ts_04-200x150.jpg 200w, https:\/\/www.elektra-kuenten.ch\/wp-content\/uploads\/2017\/05\/ts_04-768x576.jpg 768w, https:\/\/www.elektra-kuenten.ch\/wp-content\/uploads\/2017\/05\/ts_04.jpg 1024w\" sizes=\"auto, (max-width: 200px) 100vw, 200px\" \/><\/a>\n\t\t\t<\/dt>\n\t\t\t\t<dd class='wp-caption-text gallery-caption' id='gallery-2-554'>\n\t\t\t\tTrafo Hofacher\n\t\t\t\t<\/dd><\/dl><br style=\"clear: both\" \/>\n\t\t<\/div>\n\n<p>17.02.2016<\/p>\n","protected":false},"excerpt":{"rendered":"<p>Ersatz der bestehenden TS K\u00e4serei im Gebiet Hofacher Der Anbau der Ch\u00e4si K\u00fcnten hatte zur Folge, dass diverse Elektro-Leitungen, die die zu bebauende Parzelle querten, ab der TS K\u00e4serei umgelegt werden mussten. Dieser Umstand und ein langfristig gesicherter Zugang zur Trafostation hatte die EKG dazu bewogen, einen Neubau am Hofacherweg zu realisieren. Auch der sehr [&hellip;]<\/p>\n","protected":false},"author":1,"featured_media":0,"parent":0,"menu_order":0,"comment_status":"closed","ping_status":"closed","template":"","meta":{"footnotes":""},"class_list":["post-507","page","type-page","status-publish","czr-hentry"],"_links":{"self":[{"href":"https:\/\/www.elektra-kuenten.ch\/index.php?rest_route=\/wp\/v2\/pages\/507","targetHints":{"allow":["GET"]}}],"collection":[{"href":"https:\/\/www.elektra-kuenten.ch\/index.php?rest_route=\/wp\/v2\/pages"}],"about":[{"href":"https:\/\/www.elektra-kuenten.ch\/index.php?rest_route=\/wp\/v2\/types\/page"}],"author":[{"embeddable":true,"href":"https:\/\/www.elektra-kuenten.ch\/index.php?rest_route=\/wp\/v2\/users\/1"}],"replies":[{"embeddable":true,"href":"https:\/\/www.elektra-kuenten.ch\/index.php?rest_route=%2Fwp%2Fv2%2Fcomments&post=507"}],"version-history":[{"count":3,"href":"https:\/\/www.elektra-kuenten.ch\/index.php?rest_route=\/wp\/v2\/pages\/507\/revisions"}],"predecessor-version":[{"id":570,"href":"https:\/\/www.elektra-kuenten.ch\/index.php?rest_route=\/wp\/v2\/pages\/507\/revisions\/570"}],"wp:attachment":[{"href":"https:\/\/www.elektra-kuenten.ch\/index.php?rest_route=%2Fwp%2Fv2%2Fmedia&parent=507"}],"curies":[{"name":"wp","href":"https:\/\/api.w.org\/{rel}","templated":true}]}}