{"id":510,"date":"2017-06-07T14:49:58","date_gmt":"2017-06-07T14:49:58","guid":{"rendered":"http:\/\/www.elektra-kuenten.ch\/elektra2017\/?page_id=510"},"modified":"2017-08-28T13:53:57","modified_gmt":"2017-08-28T13:53:57","slug":"archiv-news-2015","status":"publish","type":"page","link":"https:\/\/www.elektra-kuenten.ch\/?page_id=510","title":{"rendered":"ARCHIV 2015"},"content":{"rendered":"<p><strong>Neuer Pr\u00e4sdient Elektra-Genossenschaft K\u00fcnten<\/strong><br \/>\n30 Jahre lang war Thomas Kohler bei der Elektra-Genossenschaft K\u00fcnten im Vorstand t\u00e4tig, in den letzten 25 Jahren als Pr\u00e4sident des \u00f6rtlichen Stromversorgers. Mit der letzten GV ist er nun in den wohlverdienten Ruhestand getreten. In seiner Zeit als Pr\u00e4sident wurde die erste Rundsteueranlage eingef\u00fchrt. Damit konnte die Leistungsspitze im \u00f6rtlichen Stromnetz wirksam reguliert werden. Die &#8222;toten B\u00e4ume&#8220;, wie Thomas Kohler den h\u00f6lzernen Strommasten zu sagen pflegte, wurden &#8211; wenn immer m\u00f6glich &#8211; durch eine verkabelte Leitung im Erdreich ersetzt. So konnten die letzten Freileitungen zum Rohrhof 2006 abgebrochen werden. Ein weiteres Highlight f\u00fcr Thomas Kohler war das 100-Jahr-Jubil\u00e4um der Elektra-Genossenschaft K\u00fcnten.<\/p>\n<p>Bei aller Sachlichkeit und Ernsthaftigkeit bez\u00fcglich des trockenen Themas Strom hat Thomas Kohler nie den Humor verloren. So hatte er immer einen lustigen Spruch auf Lager. Weiter wurde auch das Vorstandsmitglied Hans Wendel mit 25 Jahren als technischer Mitarbeiter geehrt. Als Nachfolger von Thomas Kohler wurde Urs Hafner von der Versammlung zum Pr\u00e4sidenten gew\u00e4hlt. Das Vorstandsteam wird neu durch Philipp Ackermann als Aktuar verst\u00e4rkt.<\/p>\n\n\t\t<style type=\"text\/css\">\n\t\t\t#gallery-2 {\n\t\t\t\tmargin: auto;\n\t\t\t}\n\t\t\t#gallery-2 .gallery-item {\n\t\t\t\tfloat: left;\n\t\t\t\tmargin-top: 10px;\n\t\t\t\ttext-align: center;\n\t\t\t\twidth: 25%;\n\t\t\t}\n\t\t\t#gallery-2 img {\n\t\t\t\tborder: 2px solid #cfcfcf;\n\t\t\t}\n\t\t\t#gallery-2 .gallery-caption {\n\t\t\t\tmargin-left: 0;\n\t\t\t}\n\t\t\t\/* see gallery_shortcode() in wp-includes\/media.php *\/\n\t\t<\/style>\n\t\t<div id='gallery-2' class='gallery galleryid-510 gallery-columns-4 gallery-size-medium'><dl class='gallery-item'>\n\t\t\t<dt class='gallery-icon portrait'>\n\t\t\t\t<a class=\"grouped_elements\" rel=\"tc-fancybox-group\" href=\"https:\/\/www.elektra-kuenten.ch\/wp-content\/uploads\/2017\/06\/praesident_elektra.jpg\" title=\"praesident_elektra\"><img loading=\"lazy\" decoding=\"async\" width=\"134\" height=\"200\" src=\"https:\/\/www.elektra-kuenten.ch\/wp-content\/uploads\/2017\/06\/praesident_elektra-134x200.jpg\" class=\"attachment-medium size-medium\" alt=\"Urs Hafner - neuer Pr\u00e4sident\" srcset=\"https:\/\/www.elektra-kuenten.ch\/wp-content\/uploads\/2017\/06\/praesident_elektra-134x200.jpg 134w, https:\/\/www.elektra-kuenten.ch\/wp-content\/uploads\/2017\/06\/praesident_elektra.jpg 502w\" sizes=\"auto, (max-width: 134px) 100vw, 134px\" \/><\/a>\n\t\t\t<\/dt>\n\t\t\t\t<dd class='wp-caption-text gallery-caption' id='gallery-2-560'>\n\t\t\t\tUrs Hafner &#8211; neuer Pr\u00e4sident\n\t\t\t\t<\/dd><\/dl>\n\t\t\t<br style='clear: both' \/>\n\t\t<\/div>\n\n<p>30.04.2015<\/p>\n","protected":false},"excerpt":{"rendered":"<p>Neuer Pr\u00e4sdient Elektra-Genossenschaft K\u00fcnten 30 Jahre lang war Thomas Kohler bei der Elektra-Genossenschaft K\u00fcnten im Vorstand t\u00e4tig, in den letzten 25 Jahren als Pr\u00e4sident des \u00f6rtlichen Stromversorgers. Mit der letzten GV ist er nun in den wohlverdienten Ruhestand getreten. In seiner Zeit als Pr\u00e4sident wurde die erste Rundsteueranlage eingef\u00fchrt. Damit konnte die Leistungsspitze im \u00f6rtlichen [&hellip;]<\/p>\n","protected":false},"author":1,"featured_media":0,"parent":0,"menu_order":0,"comment_status":"closed","ping_status":"closed","template":"","meta":{"footnotes":""},"class_list":["post-510","page","type-page","status-publish","czr-hentry"],"_links":{"self":[{"href":"https:\/\/www.elektra-kuenten.ch\/index.php?rest_route=\/wp\/v2\/pages\/510","targetHints":{"allow":["GET"]}}],"collection":[{"href":"https:\/\/www.elektra-kuenten.ch\/index.php?rest_route=\/wp\/v2\/pages"}],"about":[{"href":"https:\/\/www.elektra-kuenten.ch\/index.php?rest_route=\/wp\/v2\/types\/page"}],"author":[{"embeddable":true,"href":"https:\/\/www.elektra-kuenten.ch\/index.php?rest_route=\/wp\/v2\/users\/1"}],"replies":[{"embeddable":true,"href":"https:\/\/www.elektra-kuenten.ch\/index.php?rest_route=%2Fwp%2Fv2%2Fcomments&post=510"}],"version-history":[{"count":11,"href":"https:\/\/www.elektra-kuenten.ch\/index.php?rest_route=\/wp\/v2\/pages\/510\/revisions"}],"predecessor-version":[{"id":801,"href":"https:\/\/www.elektra-kuenten.ch\/index.php?rest_route=\/wp\/v2\/pages\/510\/revisions\/801"}],"wp:attachment":[{"href":"https:\/\/www.elektra-kuenten.ch\/index.php?rest_route=%2Fwp%2Fv2%2Fmedia&parent=510"}],"curies":[{"name":"wp","href":"https:\/\/api.w.org\/{rel}","templated":true}]}}